 3899 a prime number?
False
Is 312457 composite?
True
Is 1637 a prime number?
True
Is 17773 a composite number?
True
Is 46651 a composite number?
True
Is 19157 composite?
False
Is 2305045 a prime number?
False
Is 172373 prime?
True
Is 18119 prime?
True
Is 11549 a composite number?
False
Is 68559 composite?
True
Is 333533 a prime number?
True
Is 28511 a prime number?
False
Is 73653 prime?
False
Is 2317 prime?
False
Is 248743 a prime number?
False
Is 10297 prime?
False
Is 9029 composite?
False
Is 36383 a composite number?
False
Is 6803 composite?
False
Is 249329 prime?
True
Is 97537 composite?
True
Is 118595 prime?
False
Is 74063 a prime number?
False
Is 6079 a prime number?
True
Is 295531 prime?
False
Is 155797 composite?
False
Is 4178191 prime?
True
Is 742865 composite?
True
Is 5699 composite?
True
Is 62533 composite?
False
Is 1259 composite?
False
Is 34321 a composite number?
True
Is 53187 prime?
False
Is 97733 composite?
True
Is 3224995 a composite number?
True
Is 32773 composite?
True
Is 78007 prime?
True
Is 20173 a prime number?
True
Is 124277 prime?
True
Is 283793 a prime number?
True
Is 125519 a prime number?
False
Is 4709 composite?
True
Is 55127 prime?
True
Is 1479091 prime?
False
Is 29285 a prime number?
False
Is 1821865 a prime number?
False
Is 34477 a composite number?
True
Is 2669251 a composite number?
True
Is 68677 a prime number?
False
Is 966707 a composite number?
True
Is 8263 a prime number?
True
Is 126394 a composite number?
True
Is 716837 a composite number?
True
Is 1176991 composite?
True
Is 361535 a composite number?
True
Is 810137 prime?
True
Is 56489 composite?
False
Is 3065 composite?
True
Is 1009 composite?
False
Is 359669 a prime number?
False
Is 6626879 prime?
False
Is 134327 composite?
False
Is 118681 prime?
True
Is 494471 composite?
False
Is 109 prime?
True
Is 687551 prime?
True
Is 554131 a composite number?
True
Is 13217 a prime number?
True
Is 71405 prime?
False
Is 52203 a prime number?
False
Is 6537 prime?
False
Is 718259 a composite number?
False
Is 2661 a prime number?
False
Is 2471065 composite?
True
Is 7499 a prime number?
True
Is 72461 composite?
False
Is 2554 composite?
True
Is 63823 a composite number?
False
Is 101887 prime?
False
Is 58253 composite?
True
Is 60161 a composite number?
False
Is 223 composite?
False
Is 6739 a prime number?
False
Is 478945 prime?
False
Is 45403 prime?
True
Is 1388261 a composite number?
True
Is 42101 prime?
True
Is 1669 composite?
False
Is 78191 composite?
False
Is 80113 composite?
True
Is 524827 composite?
False
Is 232969 composite?
True
Is 193906 composite?
True
Is 5585 prime?
False
Is 9079 prime?
False
Is 6421 a composite number?
False
Is 959 composite?
True
Is 45226 composite?
True
Is 3371 a prime number?
True
Is 828787 prime?
True
Is 3457 composite?
False
Is 19661 a prime number?
True
Is 851 prime?
False
Is 180221 prime?
True
Is 557303 a prime number?
True
Is 3833 prime?
True
Is 90787 prime?
True
Is 42769 prime?
False
Is 17194 a prime number?
False
Is 24317 a composite number?
False
Is 63471 composite?
True
Is 785597 a composite number?
False
Is 735893 a prime number?
False
Is 236243 prime?
False
Is 6197 prime?
True
Is 14081 composite?
False
Is 39687 a composite number?
True
Is 5458 a prime number?
False
Is 11159 prime?
True
Is 8321 prime?
False
Is 80393 a composite number?
True
Is 1050887 prime?
True
Is 1566865 a composite number?
True
Is 29594 composite?
True
Is 5327 prime?
False
Is 53107 prime?
False
Is 21763 a composite number?
True
Is 418597 composite?
False
Is 34061 a prime number?
True
Is 79769 a composite number?
False
Is 88463 prime?
True
Is 10187 composite?
True
Is 191 composite?
False
Is 943 composite?
True
Is 30617 a prime number?
False
Is 151039 prime?
False
Is 454759 a composite number?
False
Is 200463 prime?
False
Is 699863 prime?
True
Is 6385 a prime number?
False
Is 5737 a composite number?
False
Is 62533 a composite number?
False
Is 6287 prime?
True
Is 26573 a prime number?
True
Is 130681 prime?
True
Is 991 a composite number?
False
Is 38397 prime?
False
Is 1949 composite?
False
Is 3491 prime?
True
Is 156329 a composite number?
False
Is 342289 a composite number?
True
Is 1804249 composite?
False
Is 305581 a prime number?
True
Is 2543 a prime number?
True
Is 112165 a composite number?
True
Is 97283 composite?
False
Is 4439 prime?
False
Is 96431 a composite number?
False
Is 11777 prime?
True
Is 1633 composite?
True
Is 40459 a prime number?
True
Is 31069 prime?
True
Is 280169 a composite number?
True
Is 1081 a composite number?
True
Is 20873 a prime number?
True
Is 9507 a prime number?
False
Is 91183 a prime number?
True
Is 12667 a composite number?
True
Is 16943 composite?
False
Is 154097 composite?
False
Is 357757 prime?
False
Is 16619 prime?
True
Is 426473 composite?
True
Is 21587 composite?
False
Is 208487 prime?
False
Is 4237 prime?
False
Is 616027 prime?
True
Is 1970043 prime?
False
Is 913 a prime number?
False
Is 1067 a composite number?
True
Is 39781 a prime number?
False
Is 23251 a composite number?
False
Is 839 composite?
False
Is 376051 a prime number?
False
Is 2941 prime?
False
Is 895 composite?
True
Is 26099 prime?
True
Is 49303 a composite number?
True
Is 54977 a composite number?
True
Is 27319 a prime number?
False
Is 18301 a composite number?
False
Is 96137 prime?
True
Is 32599 composite?
True
Is 210883 composite?
True
Is 605783 a prime number?
False
Is 30026 prime?
False
Is 532901 prime?
False
Is 1123 composite?
False
Is 151841 a composite number?
False
Is 5723 composite?
True
Is 69809 a prime number?
True
Is 79333 a composite number?
False
Is 234265 prime?
False
Is 906581 a composite number?
True
Is 5077 a composite number?
False
Is 22901 a prime number?
True
Is 158491 a prime number?
False
Is 320581 a prime number?
False
Is 19207 a prime number?
True
Is 13173 composite?
True
Is 31351 prime?
False
Is 37055 a prime number?
False
Is 8879 a composite number?
True
Is 39269 composite?
True
Is 69233 a prime number?
True
Is 31307 composite?
False
Is 8861 a composite number?
False
Is 341269 a prime number?
True
Is 169019 composite?
False
Is 6005 prime?
False
Is 985921 prime?
True
Is 4867 a composite number?
True
Is 61849 composite?
True
Is 12151 composite?
True
Is 47703 prime?
False
Is 3305 a prime number?
False
Is 437331 composite?
True
Is 48109 composite?
False
Is 3989 a composite number?
False
Is 3261 composite?
True
Is 4547 prime?
True
Is 19109 a prime number?
False
Is 911773 composite?
False
Is 20857 a composite number?
False
Is 20137 composite?
True
Is 26689 composite?
True
Is 1187146 prime?
False
Is 30341 composite?
False
Is 326387 prime?
False
Is 269597 composite?
False
Is 56747 a composite number?
False
Is 193423 a composite number?
False
Is 158621 prime?
True
Is 10651 composite?
False
Is 3086 a composite number?
True
Is 1282559 prime?
False
Is 131933 a composite number?
False
Is 10529 a prime number?
True
Is 6022 a prime number?
False
Is 2059 a prime number?
False
Is 5989 prime?
False
Is 13129 composite?
True
Is 1399 composite?
False
Is 350957 prime?
False
Is 28139 prime?
False
Is 35149 a composite number?
False
Is 941 a composite number?
False
Is 3141139 a prime number?
True
Is 226253 a prime number?
False
Is 74378 a prime number?
False
Is 1318433 a composite number?
True
Is 3799 prime?
False
Is 967999 a prime number?
True
Is 54291 composite?
True
Is 33179 a prime number?
True
Is 316205 composite?
True
Is 15959 prime?
True
Is 4303 a prime number?
False
Is 2823631 prime?
True
Is 94151 a prime number?
True
Is 2028053 a prime number?
True
Is 7661 a prime number?
False
Is 21313 prime?
True
Is 7001 prime?
True
Is 116027 a prime number?
True
Is 24071 composite?
False
Is 3974 a prime number?
False
Is 37085 prime?
False
Is 844363 composite?
True
Is 252141 a composite number?
True
Is 280799 composite?
True
Is 8353 a prime number?
True
Is 5597 prime?
False
Is 246167 a composite number?
False
Is 673 prime?
True
Is 42199 a prime number?
False
Is 395057 composite?
True
Is 72737 composite?
True
Is 577837 a prime number?
False
Is 24422 composite?
True
Is 91023 a prime number?
False
Is 1943511 composite?
True
Is 37261 composite?
True
Is 76207 prime?
True
Is 42487 composite?
False
Is 24911 prime?
False
Is 33809 a prime number?
True
Is 5077 prime?
